{"id":58,"date":"2022-04-09T16:02:01","date_gmt":"2022-04-09T16:02:01","guid":{"rendered":"https:\/\/www.electricardi.com\/?page_id=58"},"modified":"2022-04-22T17:35:55","modified_gmt":"2022-04-22T17:35:55","slug":"aviso-de-privacidad","status":"publish","type":"page","link":"https:\/\/www.electricardi.com\/index.php\/aviso-de-privacidad\/","title":{"rendered":"Aviso de privacidad"},"content":{"rendered":"<p>[et_pb_section fb_built=\u00bb1&#8243; _builder_version=\u00bb4.7.7&#8243; _module_preset=\u00bbdefault\u00bb][et_pb_row _builder_version=\u00bb4.7.7&#8243; _module_preset=\u00bbdefault\u00bb][et_pb_column type=\u00bb4_4&#8243; _builder_version=\u00bb4.7.7&#8243; _module_preset=\u00bbdefault\u00bb][et_pb_text _builder_version=\u00bb4.7.7&#8243; _module_preset=\u00bbdefault\u00bb text_font=\u00bb|700|||||||\u00bb text_text_color=\u00bb#000000&#8243; text_font_size=\u00bb37px\u00bb text_orientation=\u00bbcenter\u00bb hover_enabled=\u00bb0&#8243; text_font_size_last_edited=\u00bbon|phone\u00bb text_font_size_phone=\u00bb27px\u00bb sticky_enabled=\u00bb0&#8243;]<\/p>\n<p style=\"text-align: center;\">Aviso de privacidad<\/p>\n<p>[\/et_pb_text][\/et_pb_column][\/et_pb_row][et_pb_row _builder_version=\u00bb4.7.7&#8243; _module_preset=\u00bbdefault\u00bb][et_pb_column type=\u00bb4_4&#8243; _builder_version=\u00bb4.7.7&#8243; _module_preset=\u00bbdefault\u00bb][et_pb_text _builder_version=\u00bb4.7.7&#8243; _module_preset=\u00bbdefault\u00bb text_text_color=\u00bb#000000&#8243; text_font_size=\u00bb15px\u00bb]<\/p>\n<p style=\"text-align: justify;\"><span>ELECTRICARDI S.A. con domicilio en Avenida Alemania 1233, Col. Moderna, Guadalajara Jalisco C. P. 44190 le avisa de conformidad con la Ley Federal de Proteccio\u0301n de Datos Personales en Posesio\u0301n de los Particulares, lo siguiente:<\/span><\/p>\n<p style=\"text-align: justify;\"><span>Los datos personales que recabamos de usted tales como: nombre, correo electr\u00f3nico y n\u00famero de tel\u00e9fono ser\u00e1n tratados \u00fanicamente para las finalidades que son necesarias para el servicio que solicita, respuesta a mensajes del formulario de contacto y env\u00edo de cotizaciones sobre nuestros productos o servicios.<\/span><\/p>\n<p style=\"text-align: justify;\"><span>Dichos datos no ser\u00e1n transferidos a terceros y son tratados \u00fanicamente por el personal necesario y autorizado para el manejo de datos personales de Electricardi. <\/span><\/p>\n<p style=\"text-align: justify;\"><span>Usted tiene derecho a saber cu\u00e1les son los datos personales tenemos de usted, para qu\u00e9 los utilizamos y las condiciones del uso que les damos (Acceso). Asimismo, es su derecho solicitar la correcci\u00f3n de su informaci\u00f3n personal en caso de que est\u00e9 desactualizada, sea inexacta o incompleta (Rectificaci\u00f3n); que la eliminemos de nuestros registros o bases de datos cuando considere que la misma no est\u00e1 siendo utilizada adecuadamente (Cancelaci\u00f3n); as\u00ed como oponerse al uso de sus datos personales para fines espec\u00edficos (Oposici\u00f3n). Estos derechos se conocen como derechos ARCO.<\/span><\/p>\n<p style=\"text-align: justify;\"><span>Para el ejercicio de cualquiera de los derechos ARCO, debe enviar una petici\u00f3n v\u00eda correo electr\u00f3nico a contacto@electricardi.com y deber\u00e1 contener:<\/span><\/p>\n<p style=\"text-align: justify;\"><span>\u00a0<\/span><\/p>\n<ul style=\"text-align: justify;\">\n<li><span>Nombre completo del titular.<\/span><\/li>\n<li><span><\/span><\/li>\n<li><span>Tel\u00e9fono.<\/span><\/li>\n<li><span>Correo electr\u00f3nico usado en este sitio web.<\/span><\/li>\n<li><span>Copia de una identificaci\u00f3n oficial adjunta.<\/span><\/li>\n<\/ul>\n<p style=\"text-align: justify;\"><span>Asunto \u00abDerechos ARCO\u00bb<\/span><\/p>\n<p style=\"text-align: justify;\"><span>Descripci\u00f3n el objeto del escrito, los cuales pueden ser de manera enunciativa m\u00e1s no limitativa los siguientes: Revocaci\u00f3n del consentimiento para tratar sus datos personales; y\/o Notificaci\u00f3n del uso indebido del tratamiento de sus datos personales; y\/o Ejercitar sus Derechos ARCO, con una descripci\u00f3n clara y precisa de los datos a Acceder, Rectificar, Cancelar o bien, Oponerse. En caso de Rectificaci\u00f3n de datos personales, deber\u00e1 indicar la modificaci\u00f3n exacta y anexar la documentaci\u00f3n soporte; es importante en caso de revocaci\u00f3n del consentimiento, que tenga en cuenta que no en todos los casos podremos atender su solicitud o concluir el uso de forma inmediata, ya que es posible que por alguna obligaci\u00f3n legal requiramos seguir tratando sus datos personales. Asimismo, usted deber\u00e1 considerar que para ciertos fines, la revocaci\u00f3n de su consentimiento implicar\u00e1 que no le podamos seguir prestando el servicio que nos solicit\u00f3, o la conclusi\u00f3n de su relaci\u00f3n con nosotros.<\/span><\/p>\n<p style=\"text-align: justify;\"><span>Uso de cookies<\/span><\/p>\n<p style=\"text-align: justify;\"><span>Le informamos que en nuestra p\u00e1gina de internet utilizamos cookies, web beacons u otras tecnolog\u00edas, a trav\u00e9s de las cuales es posible monitorear su comportamiento como usuario de internet, as\u00ed como brindarle un mejor servicio y experiencia al navegar en nuestra p\u00e1gina. Los datos personales que obtenemos de estas tecnolog\u00edas de rastreo son los siguientes:<\/span><\/p>\n<p style=\"text-align: justify;\"><span>\u00a0<\/span><\/p>\n<p style=\"text-align: justify;\"><span>Identificadores, nombre de usuario y contrase\u00f1as de sesi\u00f3n, Idioma preferido por el usuario, Regi\u00f3n en la que se encuentra el usuario, Tipo de navegador del usuario, Tipo de sistema operativo del usuario, Fecha y hora del inicio y final de una sesi\u00f3n de un usuario, P\u00e1ginas web visitadas por un usuario, B\u00fasquedas realizadas por un usuario, Publicidad revisada por un usuario, Listas y h\u00e1bitos de consumo en p\u00e1ginas de compras<\/span><\/p>\n<p style=\"text-align: justify;\"><span>\u00a0<\/span><\/p>\n<p style=\"text-align: justify;\"><span>Estas cookies, web beacons y otras tecnolog\u00edas pueden ser deshabilitadas, tenga en cuenta que, en caso de desactivar las cookies, es posible que no pueda acceder a ciertas funciones personalizadas en nuestro sitio web.<\/span><\/p>\n<p style=\"text-align: justify;\"><span>El presente aviso de privacidad puede sufrir modificaciones, cambios o actualizaciones, situacio\u0301n que sera\u0301 informada a trave\u0301s de nuestra pa\u0301gina de internet o en la primera comunicacio\u0301n que tengamos con usted despue\u0301s del cambio.<\/span><\/p>\n<p style=\"text-align: justify;\"><span>\u00a0<\/span><\/p>\n<p style=\"text-align: justify;\"><span>Si usted tiene alguna duda sobre el presente aviso de privacidad puede dirigirla al encargado de nuestro departamento de datos personales en la direccio\u0301n, correo electro\u0301nico o tele\u0301fono sen\u0303alado en el presente aviso.<\/span><\/p>\n<p style=\"text-align: justify;\"><span>\u00daltima actualizaci\u00f3n de aviso de privacidad: 18\/04\/2022 <\/span><\/p>\n<p>[\/et_pb_text][\/et_pb_column][\/et_pb_row][\/et_pb_section]<\/p>\n","protected":false},"excerpt":{"rendered":"<p>Aviso de privacidadELECTRICARDI S.A. con domicilio en Avenida Alemania 1233, Col. Moderna, Guadalajara Jalisco C. P. 44190 le avisa de conformidad con la Ley Federal de Proteccio\u0301n de Datos Personales en Posesio\u0301n de los Particulares, lo siguiente: Los datos personales que recabamos de usted tales como: nombre, correo electr\u00f3nico y n\u00famero de tel\u00e9fono ser\u00e1n tratados [&hellip;]<\/p>\n","protected":false},"author":1,"featured_media":0,"parent":0,"menu_order":0,"comment_status":"closed","ping_status":"closed","template":"","meta":{"_et_pb_use_builder":"on","_et_pb_old_content":"","_et_gb_content_width":"","_joinchat":[],"footnotes":""},"class_list":["post-58","page","type-page","status-publish","hentry"],"jetpack_sharing_enabled":true,"_links":{"self":[{"href":"https:\/\/www.electricardi.com\/index.php\/wp-json\/wp\/v2\/pages\/58","targetHints":{"allow":["GET"]}}],"collection":[{"href":"https:\/\/www.electricardi.com\/index.php\/wp-json\/wp\/v2\/pages"}],"about":[{"href":"https:\/\/www.electricardi.com\/index.php\/wp-json\/wp\/v2\/types\/page"}],"author":[{"embeddable":true,"href":"https:\/\/www.electricardi.com\/index.php\/wp-json\/wp\/v2\/users\/1"}],"replies":[{"embeddable":true,"href":"https:\/\/www.electricardi.com\/index.php\/wp-json\/wp\/v2\/comments?post=58"}],"version-history":[{"count":4,"href":"https:\/\/www.electricardi.com\/index.php\/wp-json\/wp\/v2\/pages\/58\/revisions"}],"predecessor-version":[{"id":327,"href":"https:\/\/www.electricardi.com\/index.php\/wp-json\/wp\/v2\/pages\/58\/revisions\/327"}],"wp:attachment":[{"href":"https:\/\/www.electricardi.com\/index.php\/wp-json\/wp\/v2\/media?parent=58"}],"curies":[{"name":"wp","href":"https:\/\/api.w.org\/{rel}","templated":true}]}}

<p>[et_pb_section fb_built=»1&#8243; _builder_version=»4.7.7&#8243; _module_preset=»default»][et_pb_row _builder_version=»4.7.7&#8243; _module_preset=»default»][et_pb_column type=»4_4&#8243; _builder_version=»4.7.7&#8243; _module_preset=»default»][et_pb_text _builder_version=»4.7.7&#8243; _module_preset=»default» text_font=»|700|||||||» text_text_color=»#000000&#8243; text_font_size=»37px» text_orientation=»center» hover_enabled=»0&#8243; text_font_size_last_edited=»on|phone» text_font_size_phone=»27px» sticky_enabled=»0&#8243;]</p>
<p style="text-align: center;">Aviso de privacidad</p>
<p>[/et_pb_text][/et_pb_column][/et_pb_row][et_pb_row _builder_version=»4.7.7&#8243; _module_preset=»default»][et_pb_column type=»4_4&#8243; _builder_version=»4.7.7&#8243; _module_preset=»default»][et_pb_text _builder_version=»4.7.7&#8243; _module_preset=»default» text_text_color=»#000000&#8243; text_font_size=»15px»]</p>
<p style="text-align: justify;"><span>ELECTRICARDI S.A. con domicilio en Avenida Alemania 1233, Col. Moderna, Guadalajara Jalisco C. P. 44190 le avisa de conformidad con la Ley Federal de Protección de Datos Personales en Posesión de los Particulares, lo siguiente:</span></p>
<p style="text-align: justify;"><span>Los datos personales que recabamos de usted tales como: nombre, correo electrónico y número de teléfono serán tratados únicamente para las finalidades que son necesarias para el servicio que solicita, respuesta a mensajes del formulario de contacto y envío de cotizaciones sobre nuestros productos o servicios.</span></p>
<p style="text-align: justify;"><span>Dichos datos no serán transferidos a terceros y son tratados únicamente por el personal necesario y autorizado para el manejo de datos personales de Electricardi. </span></p>
<p style="text-align: justify;"><span>Usted tiene derecho a saber cuáles son los datos personales tenemos de usted, para qué los utilizamos y las condiciones del uso que les damos (Acceso). Asimismo, es su derecho solicitar la corrección de su información personal en caso de que esté desactualizada, sea inexacta o incompleta (Rectificación); que la eliminemos de nuestros registros o bases de datos cuando considere que la misma no está siendo utilizada adecuadamente (Cancelación); así como oponerse al uso de sus datos personales para fines específicos (Oposición). Estos derechos se conocen como derechos ARCO.</span></p>
<p style="text-align: justify;"><span>Para el ejercicio de cualquiera de los derechos ARCO, debe enviar una petición vía correo electrónico a contacto@electricardi.com y deberá contener:</span></p>
<p style="text-align: justify;"><span> </span></p>
<ul style="text-align: justify;">
<li><span>Nombre completo del titular.</span></li>
<li><span></span></li>
<li><span>Teléfono.</span></li>
<li><span>Correo electrónico usado en este sitio web.</span></li>
<li><span>Copia de una identificación oficial adjunta.</span></li>
</ul>
<p style="text-align: justify;"><span>Asunto «Derechos ARCO»</span></p>
<p style="text-align: justify;"><span>Descripción el objeto del escrito, los cuales pueden ser de manera enunciativa más no limitativa los siguientes: Revocación del consentimiento para tratar sus datos personales; y/o Notificación del uso indebido del tratamiento de sus datos personales; y/o Ejercitar sus Derechos ARCO, con una descripción clara y precisa de los datos a Acceder, Rectificar, Cancelar o bien, Oponerse. En caso de Rectificación de datos personales, deberá indicar la modificación exacta y anexar la documentación soporte; es importante en caso de revocación del consentimiento, que tenga en cuenta que no en todos los casos podremos atender su solicitud o concluir el uso de forma inmediata, ya que es posible que por alguna obligación legal requiramos seguir tratando sus datos personales. Asimismo, usted deberá considerar que para ciertos fines, la revocación de su consentimiento implicará que no le podamos seguir prestando el servicio que nos solicitó, o la conclusión de su relación con nosotros.</span></p>
<p style="text-align: justify;"><span>Uso de cookies</span></p>
<p style="text-align: justify;"><span>Le informamos que en nuestra página de internet utilizamos cookies, web beacons u otras tecnologías, a través de las cuales es posible monitorear su comportamiento como usuario de internet, así como brindarle un mejor servicio y experiencia al navegar en nuestra página. Los datos personales que obtenemos de estas tecnologías de rastreo son los siguientes:</span></p>
<p style="text-align: justify;"><span> </span></p>
<p style="text-align: justify;"><span>Identificadores, nombre de usuario y contraseñas de sesión, Idioma preferido por el usuario, Región en la que se encuentra el usuario, Tipo de navegador del usuario, Tipo de sistema operativo del usuario, Fecha y hora del inicio y final de una sesión de un usuario, Páginas web visitadas por un usuario, Búsquedas realizadas por un usuario, Publicidad revisada por un usuario, Listas y hábitos de consumo en páginas de compras</span></p>
<p style="text-align: justify;"><span> </span></p>
<p style="text-align: justify;"><span>Estas cookies, web beacons y otras tecnologías pueden ser deshabilitadas, tenga en cuenta que, en caso de desactivar las cookies, es posible que no pueda acceder a ciertas funciones personalizadas en nuestro sitio web.</span></p>
<p style="text-align: justify;"><span>El presente aviso de privacidad puede sufrir modificaciones, cambios o actualizaciones, situación que será informada a través de nuestra página de internet o en la primera comunicación que tengamos con usted después del cambio.</span></p>
<p style="text-align: justify;"><span> </span></p>
<p style="text-align: justify;"><span>Si usted tiene alguna duda sobre el presente aviso de privacidad puede dirigirla al encargado de nuestro departamento de datos personales en la dirección, correo electrónico o teléfono señalado en el presente aviso.</span></p>
<p style="text-align: justify;"><span>Última actualización de aviso de privacidad: 18/04/2022 </span></p>
<p>[/et_pb_text][/et_pb_column][/et_pb_row][/et_pb_section]</p>

<p>Aviso de privacidadELECTRICARDI S.A. con domicilio en Avenida Alemania 1233, Col. Moderna, Guadalajara Jalisco C. P. 44190 le avisa de conformidad con la Ley Federal de Protección de Datos Personales en Posesión de los Particulares, lo siguiente: Los datos personales que recabamos de usted tales como: nombre, correo electrónico y número de teléfono serán tratados [&hellip;]</p>
